 of 2556?
5
What is the thousands digit of 16433?
6
What is the tens digit of 976?
7
What is the hundreds digit of 712?
7
What is the ten thousands digit of 49473?
4
What is the hundreds digit of 342?
3
What is the tens digit of 982?
8
What is the tens digit of 1314?
1
What is the units digit of 1932?
2
What is the units digit of 25?
5
What is the tens digit of 30750?
5
What is the tens digit of 7300?
0
What is the thousands digit of 34143?
4
What is the tens digit of 536?
3
What is the units digit of 24176?
6
What is the units digit of 547?
7
What is the tens digit of 11068?
6
What is the hundred thousands digit of 138120?
1
What is the tens digit of 71815?
1
What is the tens digit of 1636?
3
What is the hundreds digit of 346?
3
What is the tens digit of 15792?
9
What is the units digit of 1177?
7
What is the thousands digit of 6215?
6
What is the thousands digit of 2112?
2
What is the tens digit of 1201?
0
What is the units digit of 179?
9
What is the ten thousands digit of 43003?
4
What is the hundreds digit of 6034?
0
What is the tens digit of 1268?
6
What is the tens digit of 1054?
5
What is the tens digit of 1255?
5
What is the hundreds digit of 872?
8
What is the hundreds digit of 13923?
9
What is the hundreds digit of 1706?
7
What is the thousands digit of 7730?
7
What is the tens digit of 7605?
0
What is the ten thousands digit of 13885?
1
What is the ten thousands digit of 33631?
3
What is the tens digit of 23706?
0
What is the thousands digit of 53253?
3
What is the hundreds digit of 994?
9
What is the units digit of 515?
5
What is the tens digit of 764?
6
What is the thousands digit of 122785?
2
What is the units digit of 3371?
1
What is the hundreds digit of 62801?
8
What is the hundreds digit of 54197?
1
What is the units digit of 74?
4
What is the hundreds digit of 2040?
0
What is the thousands digit of 4069?
4
What is the ten thousands digit of 15549?
1
What is the hundreds digit of 954?
9
What is the thousands digit of 14699?
4
What is the tens digit of 30601?
0
What is the hundreds digit of 267?
2
What is the ten thousands digit of 48515?
4
What is the tens digit of 52014?
1
What is the units digit of 544?
4
What is the thousands digit of 5716?
5
What is the hundreds digit of 13424?
4
What is the hundreds digit of 27143?
1
What is the units digit of 583?
3
What is the units digit of 684?
4
What is the hundreds digit of 1781?
7
What is the thousands digit of 151589?
1
What is the thousands digit of 10338?
0
What is the hundreds digit of 56589?
5
What is the ten thousands digit of 17539?
1
What is the hundreds digit of 23983?
9
What is the hundreds digit of 51310?
3
What is the thousands digit of 1946?
1
What is the tens digit of 159103?
0
What is the units digit of 39?
9
What is the tens digit of 12276?
7
What is the tens digit of 1122?
2
What is the tens digit of 20068?
6
What is the tens digit of 1504?
0
What is the units digit of 38888?
8
What is the units digit of 74409?
9
What is the hundreds digit of 3719?
7
What is the hundreds digit of 8135?
1
What is the tens digit of 3532?
3
What is the tens digit of 1512?
1
What is the units digit of 3838?
8
What is the tens digit of 6318?
1
What is the hundreds digit of 54416?
4
What is the units digit of 72728?
8
What is the tens digit of 2396?
9
What is the thousands digit of 4582?
4
What is the thousands digit of 48532?
8
What is the hundreds digit of 2621?
6
What is the hundreds digit of 935?
9
What is the thousands digit of 11771?
1
What is the tens digit of 527?
2
What is the units digit of 56122?
2
What is the tens digit of 101338?
3
What is the tens digit of 770?
7
What is the thousands digit of 9786?
9
What is the thousands digit of 4945?
4
What is the hundreds digit of 1065?
0
What is the tens digit of 14273?
7
What is the tens digit of 7051?
5
What is the thousands digit of 15019?
5
What is the hundreds digit of 40950?
9
What is the units digit of 22314?
4
What is the thousands digit of 17120?
7
What is the hundreds digit of 12147?
1
What is the ten thousands digit of 83592?
8
What is the thousands digit of 2834?
2
What is the units digit of 971?
1
What is the thousands digit of 2421?
2
What is the thousands digit of 48949?
8
What is the tens digit of 40485?
8
What is the units digit of 33405?
5
What is the hundreds digit of 913?
9
What is the hundreds digit of 103504?
5
What is the hundreds digit of 134568?
5
What is the thousands digit of 33112?
3
What is the thousands digit of 19880?
9
What is the units digit of 24631?
1
What is the hundreds digit of 2187?
1
What is the units digit of 10305?
5
What is the hundreds digit of 15040?
0
What is the tens digit of 12801?
0
What is the units digit of 65?
5
What is the units digit of 3611?
1
What is the hundreds digit of 13667?
6
What is the units digit of 750?
0
What is the tens digit of 36078?
7
What is the hundreds digit of 2687?
6
What is the hundreds digit of 14322?
3
What is the hundreds digit of 858?
8
What is the thousands digit of 33472?
3
What is the hundreds digit of 48569?
5
What is the units digit of 2916?
6
What is the tens digit of 994?
9
What is the tens digit of 1405?
0
What is the tens digit of 33356?
5
What is the units digit of 3799?
9
What is the thousands digit of 8065?
8
What is the thousands digit of 13958?
3
What is the units digit of 504?
4
What is the tens digit of 52617?
1
What is the tens digit of 12329?
2
What is the tens digit of 902?
0
What is the units digit of 378?
8
What is the tens digit of 8322?
2
What is the thousands digit of 125832?
5
What is the units digit of 11250?
0
What is the units digit of 452?
2
What is the tens digit of 141864?
6
What is the tens digit of 3451?
5
What is the units digit of 16316?
6
What is the units digit of 679?
9
What is the units digit of 1549?
9
What is the units digit of 67118?
8
What is the hundreds digit of 6364?
3
What is the tens digit of 828?
2
What is the units digit of 6990?
0
What is the hundreds digit of 160807?
8
What is the hundreds digit of 1106?
1
What is the thousands digit of 1122?
1
What is the thousands digit of 26451?
6
What is the hundreds digit of 52263?
2
What is the thousands digit of 3278?
3
What is the thousands digit of 24232?
4
What is the hundreds digit of 1526?
5
What is the units digit of 932?
2
What is the units digit of 9427?
7
What is the hundreds digit of 3390?
3
What is the units digit of 3082?
2
What is the units digit of 3114?
4
What is the tens digit of 6047?
4
What is the thousands digit of 31342?
1
What is the thousands digit of 1037?
1
What is the hundreds digit of 21750?
7
What is the units digit of 557?
7
What is the hundreds digit of 3585?
5
What is the thousands digit of 2618?
2
What is the thousands digit of 2083?
2
What is the units digit of 3154?
4
What is the tens digit of 1873?
7
What is the units digit of 113?
3
What is the hundreds digit of 2677?
6
What is the units digit of 550?
0
What is the ten thousands digit of 10301?
1
What is the units digit of 55?
5
What is the ten thousands digit of 17117?
1
What is the tens digit of 93?
9
What is the ten thousands digit of 20511?
2
What is the hundreds digit of 4205?
2
What is the thousands digit of 19566?
9
What is the thousands digit of 1099?
1
What is the thousands digit of 2881?
2
What is the thousands digit of 76355?
6
What is the hundreds digit of 282?
2
What is the ten thousands digit of 36323?
3
What is the hundreds digit of 13851?
8
What is the tens digit of 14641?
4
What is the ten thousands digit of 26465?
2
What is the thousands digit of 28430?
8
What is the units digit of 1802?
2
What is the units digit of 2025?
5
What is the tens digit of 908?
0
What is the tens digit of 1773?
7
What is the tens digit of 13221?
2
What is the units digit of 6567?
7
What is the tens digit of 36?
3
What is the hundreds digit of 817?
8
What is the tens digit of 33748?
4
What is the units digit of 1395?
5
What is the units digit of 6876?
6
What is the hundreds digit of 2049?
0
What is the ten thousands digit of 30342?
3
What is the thousands digit of 131229?
1
What is the ten thousands digit of 14390?
1
What is the thousands digit of 70184?
0
What is the units digit of 538?
8
What is the units digit of 1030?
0
What is the thousands digit of 26196?
6
What is the hundr